 Let z(d) = -4*d**3 + 6*d**2 + 4*d - 5. Let x(s) = t*z(s) - 3*m(s). What is x(6)?
1
Let n(p) = -p**3 + 4*p**2 - 3*p - 3. Suppose -5*l + 5 = -0*l. Suppose -2 - l = -x. Calculate n(x).
-3
Let x(z) = 1 + 5*z + 3*z - 7*z. Let i(n) = -n - 1. Let t(l) = 3*i(l) + 4*x(l). Determine t(0).
1
Let f(z) = z + 27. Let c be f(-12). Let i(d) = -4 - c*d + 13*d + 5*d. Suppose r - 2*o = -6, -4*r + o = -0*o - 11. What is i(r)?
8
Let v = -15 - -8. Let l(h) = -3*h**2 + 11*h + 9. Let w(y) = 4*y**2 - 16*y - 13. Let o(s) = v*l(s) - 5*w(s). What is o(-3)?
2
Let d(x) = -x**2 + 3*x - 3. Let o(q) = -q - 9. Let b be o(-5). Let f = 7 + b. Give d(f).
-3
Suppose 3*v - 3 - 9 = 0. Let o = 9 - v. Let m(h) = h - 1. Calculate m(o).
4
Let f(w) be the third derivative of w**4/8 + 5*w**3/6 - w**2. Suppose 6*r = 410 - 434. Calculate f(r).
-7
Let j(s) = -s**2 - s + 4. Let p(h) = 2*h - 21. Let z be p(12). Calculate j(z).
-8
Let z(h) be the second derivative of 5*h**3/6 + h**2/2 - 19*h. Let j(q) = q**2 - 7*q + 8. Let k be j(6). What is z(k)?
11
Let d(x) = 3*x + 2. Let u be d(-2). Let z(b) = -8*b**3 + 20*b**2 - 9*b - 11. Let v(j) = -3*j**3 + 7*j**2 - 3*j - 4. Let o(q) = -11*v(q) + 4*z(q). Give o(u).
-4
Suppose -4*r + 9 = -3. Let g = 4 + -2. Let q(u) = g - 3*u - 2*u + u**3 + r*u**2 - 3. Calculate q(-4).
3
Let q be 11/(-4) - 2/8. Let c be 3/4 - 5/(-4). Let d(w) = -3*w**2 + w - 11. Let h(k) = -k**2 + k - 5. Let s(v) = c*d(v) - 5*h(v). Give s(q).
3
Let k(t) = 3*t**2 + 7*t + 1. Let n(w) = -8*w**2 - 19*w - 4. Let c(f) = -11*k(f) - 4*n(f). Calculate c(-4).
-7
Let i = -14 - -17. Let k(g) = 7*g**3 - i*g + 7*g - 4*g - g**2 + 1. Let t = 2 - 1. What is k(t)?
7
Let x(c) = -c**2 - 9*c + 12. Let q be x(-9). Let i be ((-18)/q)/(3/(-8)). Let t(j) = -j**2 + 3*j - 1. What is t(i)?
-5
Let t(z) = -z - 1. Let a(h) = h - 7. Let p be a(5). Let j be (1 - 2)/(p/6). Suppose -4*v + 23 = -0*u + u, 0 = j*v + 5*u - 30. What is t(v)?
-6
Let g(x) = -x**3 + 5*x**2 - 3*x. Let v(w) be the first derivative of 5/2*w**2 + w**3 + 0*w - 1/4*w**4 + 1. Let n be v(4). Give g(n).
4
Let m(l) = l**3 - 5*l**2 + 3*l - 1. Let z = -13 + 40. Let s = z - 13. Let x = s + -10. Calculate m(x).
-5
Suppose 4*a - 2 = p - 3, -4*a = -3*p + 3. Let i = 0 - -2. Let j(x) = -i*x - 7*x + x + 1. Give j(p).
-7
Let o(q) be the first derivative of -q**4/4 + 2*q**3 - 2*q**2 - 4*q - 1. Let i be ((-120)/36)/(2/(-3)). What is o(i)?
1
Let p(v) = v**2 - 1 - v**2 - 4*v**2 - v. Let b(g) be the third derivative of -g**6/120 + 3*g**5/20 - g**3/6 + 3*g**2. Let t be b(9). Give p(t).
-4
Let w(k) be the third derivative of -k**5/60 + k**4/8 - k**3/6 + 15*k**2. Let d be (1 - -1)/(4/10). What is w(d)?
-11
Let r(m) = m**3 - 8*m**2 - 10*m + 5. Let c = 43 - 34. What is r(c)?
-4
Let l(z) = -4*z + 5. Let h(w) = -4*w + 5. Let s(v) = 2*h(v) - 3*l(v). Suppose 0 = -5*i - 0*i + 25. What is s(i)?
15
Let b(f) = -f**3 - 1 - 2 + f**2 - 2*f**2 - 2*f. Let g = 33 - 16. Let j = 15 - g. Determine b(j).
5
Let a be 43/5 + (-8)/(-20). Let i be (-24)/a*6/4. Let d(j) be the third derivative of j**6/120 + j**5/20 - j**4/8 - 2*j**3/3 + j**2. Give d(i).
-8
Let y(i) = -i**3 + 10*i**2 + 13*i - 12. Let l be y(11). Let n(u) = l + 0 + u - 8. Give n(-2).
0
Suppose 16*z - 48 = 24*z. Let t(d) = d**2 + 7*d + 7. What is t(z)?
1
Let b(r) = -2*r - 3. Let c be b(0). Let z(n) = -n + 1. What is z(c)?
4
Let s(u) = -u**2 - 4*u + 9. Suppose 0 = 16*o - 22*o - 42. What is s(o)?
-12
Let b(j) be the second derivative of -2*j**2 - 1/20*j**5 + 5/6*j**3 + 2*j + 1/4*j**4 + 0. Let u = -8 - -12. Determine b(u).
0
Let t = -38 - -24. Let a be 6/18 + t/6. Let s = a - -4. Let z(o) = o**3 - 3*o**2 + 2*o. Calculate z(s).
0
Let q = -1 + -3. Let c = -9 - q. Let n(z) = -2 + 0 + 1 - z. Calculate n(c).
4
Let g(f) = -f + 9. Suppose -3*l + 3 = -3. Suppose l*s + 7 + 7 = 0. Let x be -1*1 - (s + 2). Give g(x).
5
Suppose 5*i + 24 = -3*y - 13, -2*y + 7 = -3*i. Let k(o) be the first derivative of o**3/3 + 2*o**2 - 7*o - 2. Calculate k(i).
-2
Let l(x) = -1. Let b(f) be the first derivative of 2*f**2 + 8*f - 2. Let o(g) = b(g) + 8*l(g). Suppose 0 + 3 = 3*i. Give o(i).
4
Let u(i) = -5*i - 9. Let p(b) = -b. Let d(m) = -2*p(m) + u(m). Determine d(-6).
9
Let h(g) = 18*g**2 + 2*g - 1. Suppose 5*b - 8 = -3*q, -3 = -2*q + 3*q - 4*b. Calculate h(q).
19
Let p(y) be the second derivative of y**5/20 - y**4/2 + 7*y**3/6 - 2*y**2 + 3*y. Suppose 7 = -5*t + 27. Determine p(t).
-8
Let a be (-2)/(-1*(0 - -1)). Let z(v) = 0*v - 4 + v**3 + 6 + 6*v**2 - 4*v - 2*v**3. What is z(a)?
10
Let v(s) = 8 - s + 0*s + s**2 - 6*s. Let u be ((-16)/10)/(2/45). Let r be (4 - u/(-8))*-12. Calculate v(r).
2
Let x be 2/8 + 35/4. Let u = x - 4. Let s(d) = d**2 - 4*d - 5. Determine s(u).
0
Suppose 4*h = 4 - 16. Let w(m) = -6*m**3 + m + 6. Let a(r) = 5*r**3 + r**2 - 5. Let l(d) = 5*a(d) + 4*w(d). Calculate l(h).
5
Let p(a) = a**3 + 2*a**2 - 5*a - 2. Let j(f) = f**2 + 5*f - 3. Let x be j(-6). Suppose 3*q + 22 - 1 = x*t, -3*t = -9. Let i be (q + 1)*(0 - -1). Calculate p(i).
4
Let l be 4/10 - 21/(-35). Suppose -l = -g - 2*t + 5, -2*g - 6 = -2*t. Let n(i) be the third derivative of -i**4/24 - 2*i**3/3 + i**2. Calculate n(g).
-4
Let k(y) = 7*y**3 - y - 1. Let w(b) = -b**2 - 15*b - 1. Let z be w(-15). What is k(z)?
-7
Let t(h) = -2*h - 1. Let n be t(-1). Suppose 0 = -3*u - 5*j + 38, -4*u = -3*j - 9 - 3. Let o(w) = u*w + 0*w + n - 4*w. Determine o(4).
9
Let k(v) = v**2 + 10*v - 16. Let g be k(-11). Let u(i) = -i**3 - 5*i**2 - 2*i - 1. What is u(g)?
9
Let d(y) = 0*y**3 - 1 - 4*y**2 + 4 + y**3 - y. Let l(m) = -m**2 - 8*m + 10. Let c be l(-9). Let x be 6/1*c + -2. Determine d(x).
-1
Let i(n) be the second derivative of -4*n**2 - 7/6*n**3 + 0 - 1/12*n**4 - n. Suppose 6*k + 3*k = -54. Give i(k).
-2
Let t(v) = v**2 + 4*v + 3. Let b(f) = -f + 4. Let y be b(6). Let l be t(y). Let z(c) = 3*c**3 + c**2 - 1. What is z(l)?
-3
Suppose 4 - 12 = 2*m. Let v = -4 - m. Let h(x) = 5*x**2 - x**3 - x**2 + v - 1. Determine h(4).
-1
Let t(o) = -2*o - 3. Let h(c) = -1. Let w(x) = -4*h(x) + t(x). What is w(2)?
-3
Let m(b) be the second derivative of b**5/20 + 5*b**4/12 - b**2/2 - 17*b. Suppose 7 = -2*n - 3. Calculate m(n).
-1
Let p(j) = -3*j**2 + 1. Let q be p(2). Let d = q - -6. Let x(m) = m**2 + 4*m + 7 + 4*m - m. Calculate x(d).
-3
Let o(j) = 4*j + 2*j**2 - j**2 - j - 2. Let p(r) = r**3 - r**2 - 2*r - 5. Let l be p(4). Suppose 0 = -5*c - 4*f - l, 2*c + 30 = -3*c - 3*f. Give o(c).
-2
Let c(m) be the first derivative of 5*m**4/2 + m**2/2 + m - 17. Calculate c(-1).
-10
Let x(v) = v**3 + v**2 + v + 4. Suppose 2*t - n + 2 = 0, 3 + 1 = -t + 2*n. Determine x(t).
4
Let y(o) be the first derivative of o**7/840 - o**6/90 - o**5/24 + o**4/4 - o**3 - 3. Let c(s) be the third derivative of y(s). Give c(5).
6
Let k(r) = -3*r + 13*r - 2*r + 3*r. Suppose 3*t - 37 = -5*g, 0 = -3*g - 4*t - 4 + 35. Let j = 4 - g. Determine k(j).
-11
Let g(k) = -4*k**3 + k**2 + k + 1. Let v(s) = -4*s. Let i be v(1). Let r = -5 - i. Calculate g(r).
5
Let j be (-2)/(-7 + 37/5). Let u(v) = -2*v + 6*v - 6 - v**2 - v**3 - 3*v**2. Give u(j).
-1
Let v(q) = 4*q**2 - 5*q + 1. Let d(s) = -s**2 + s. Let t(b) = 6*d(b) + 2*v(b). Give t(3).
8
Let i(b) be the first derivative of b + 2*b**4 + 0 - b**4 - 1 - b**2. Calculate i(1).
3
Let r = 19/30 + -2/15. Let x(v) be the second derivative of r*v**3 - 7/2*v**2 + 0 + 2*v. Determine x(5).
8
Let v(u) = -u - 2. Let g(c) = -c**3 - 14*c**2 - 12*c + 18. Let p be g(-13). Give v(p).
-7
Let o(b) be the third derivative of -7*b**5/60 + b**4/24 + b**2. Let g(l) = l + 12. Let v be g(-10). Suppose -v*z = 3*z - 5. What is o(z)?
-6
Let t(c) be the third derivative of -c**4/12 + c**3/2 - c**2. Let p = 33 - 24. Suppose 3*k = -0*k - p. Determine t(k).
9
Let v(x) be the second derivative of -x**4/12 + 7*x**3/6 + 3*x**2 - 10*x. Suppose n + 4*w - 4 = 2, 0 = 4*n + 4*w - 24. Determine v(n).
12
Let w = 5 - 3. Let h(s) = s - w + 3 + 0. What is h(3)?
4
Let t(l) = l + 1. Let h be (-1)/(2*(-1)/(-14)). What is t(h)?
-6
Suppose -15 = -k - 4*k. Suppose -3*c - 1 = -z + 1, -2*c + 7 = z. Let a(h) = -5*h**2 + 2 - c - 3*h + k*h**2. What is a(-3)?
-8
Suppose 0 = -2*q + 6*q - 4. Let s(o) = 2*o + 2 - 4 + q. What is s(-5)?
-11
Let c(h) = h**3 - 5*h**2 + h - 4. Let y = 5 - 5. Suppose 3*q - 3 = 5*b + 2, -5*b + 10 = y. What is c(q)?
1
Let z(n) = -4*n + 2. Let